-119)?
1602
Let y(u) = -u**2 + 106946*u + 18317012. Determine y(-171).
5
Let d(m) = -259*m - 3576. Calculate d(-15).
309
Let w(v) = 282*v + 50500. What is w(-178)?
304
Let x(l) = l**3 - 93*l**2 - 375*l - 1207. What is x(97)?
54
Let g(k) = k**3 - 54*k**2 - 8*k + 3230. Determine g(53).
-3
Let p(d) = 11748*d - 47017. Determine p(4).
-25
Let c(b) = 253*b - 124864. What is c(493)?
-135
Let g(q) = 502*q + 34424. Give g(-69).
-214
Let j(b) = -b**3 - 5*b**2 + 58*b + 169. What is j(-9)?
-29
Let c(j) = -20261*j + 202596. Give c(10).
-14
Let h(b) = 400*b + 1444. What is h(-7)?
-1356
Let k(n) = 29236*n + 58477. Determine k(-2).
5
Let j(i) = -447*i**3 + 26*i**2 + 22*i - 4. Determine j(-1).
447
Let u(j) = -96*j**2 + 209*j + 80. Calculate u(6).
-2122
Let b(i) = 601379*i + 3608152. Give b(-6).
-122
Let p(c) = -333*c - 5271. Calculate p(-16).
57
Let m(f) = -4*f**3 + 38*f**2 - 10*f - 742. What is m(10)?
-1042
Let b(u) = 11*u**3 + 617*u**2 + 54*u + 15. What is b(-56)?
127
Let j(y) = -268*y + 50256. Calculate j(188).
-128
Let m(a) = 5040*a**2 - 90729*a + 215. Determine m(18).
53
Let k(l) = -113*l**3 + 9046*l**2 - 481*l + 85. Give k(80).
5
Let i(y) = y**3 + 232*y**2 + 1567*y - 1806. Determine i(-225).
-6
Let a(j) = 35*j**2 - 517*j - 3835. Determine a(-9).
3653
Let a(r) = 130311*r - 3257782. Give a(25).
-7
Let c(y) = 20*y**2 - 30*y - 1594. Calculate c(-8).
-74
Let f(k) = 2*k**3 + 69*k**2 - 36*k - 71. Calculate f(-35).
-36
Let c(r) = 69818*r - 559167. Determine c(8).
-623
Let m(j) = 19*j**2 - 2290*j + 5646. Determine m(118).
-18
Let w(c) = -327287*c - 327280. Calculate w(-1).
7
Let h(s) = -21127*s - 84219. Determine h(-4).
289
Let r(o) = -7*o**3 + 99*o**2 + 493*o - 83. What is r(18)?
43
Let x(w) = -w**3 - 47*w**2 + 67*w + 17379. Determine x(-31).
-74
Let a(t) = -22*t**3 + 1370*t**2 - 359*t - 778. Determine a(62).
28
Let x(z) = 1449*z**2 - 4296*z - 147. Give x(3).
6
Let g(s) = -7*s**2 + 695*s - 252. What is g(100)?
-752
Let o(m) = m**2 + 3931*m - 300452. What is o(75)?
-2
Let k(b) = -b**3 - 44*b**2 + 256*b + 11326. Give k(-44).
62
Let l(o) = 2108*o - 737872. Determine l(350).
-72
Let q(m) = -1435*m**2 + 2510*m + 5026. Determine q(-2).
-5734
Let o(i) = 54*i**2 + 9602*i + 35898. Determine o(-174).
54
Let c(x) = 11*x**2 + 647*x + 8495. Determine c(-39).
-7
Let y(x) = 44932*x + 224665. Determine y(-5).
5
Let z(a) = a**3 - 178*a**2 - 4850*a + 385. What is z(202)?
-19
Let z(q) = q**3 + 89*q**2 + 372*q + 9747. Determine z(-86).
-57
Let s(j) = 1687*j - 207493. Give s(123).
8
Let p(m) = -287*m - 13560. Calculate p(-47).
-71
Let z(d) = 11*d**3 + 238*d**2 + 1144*d + 709. Give z(-15).
-26
Let q(i) = -4113*i - 361937. Determine q(-88).
7
Let s(p) = -15057*p - 90088. Give s(-6).
254
Let s(k) = -4*k**3 - 111*k**2 + 166*k + 6665. Determine s(-27).
-4
Let z(d) = 4*d**3 + 102*d - 497. What is z(6)?
979
Let o(t) = 103*t**3 - 4*t**2 - 320*t + 323. Determine o(1).
102
Let k(w) = 2*w**2 - 1318*w + 106221. Determine k(94).
1
Let k(f) = 3104*f**2 - 74510*f + 333. What is k(24)?
-3
Let s(j) = -2*j**3 - 283*j**2 - 2149*j - 240. What is s(-8)?
-136
Let l(x) = 202*x**2 - 17180*x - 49. Give l(85).
-899
Let n(x) = -7*x**2 - 987*x + 194. Determine n(-141).
194
Let z(v) = 1368*v**3 - v**2 + 211*v + 210. Determine z(-1).
-1370
Let m(k) = -k**3 - 50*k**2 + 370*k + 11. Calculate m(6).
215
Let n(m) = -m**3 + 92*m**2 - 686*m + 1210. What is n(84)?
34
Let o(w) = 11771*w - 9463875. Determine o(804).
9
Let k(p) = -p**3 - 72*p**2 - 828*p + 196. Give k(-56).
-3612
Let h(t) = -4*t**2 + 4232*t + 103921. What is h(-24)?
49
Let g(i) = i**3 - 167*i**2 - 820*i + 52706. Give g(170).
6
Let q(a) = -9*a**3 + 118*a**2 + 279*a - 363. Calculate q(15).
-3
Let h(z) = z**2 - 1016*z + 248451. Calculate h(410).
-9
Let o(r) = -3*r**3 - 86*r**2 - 576*r - 119. Determine o(-10).
41
Let w(l) = -13701*l - 547656. Determine w(-40).
384
Let p(a) = -312*a + 1691. Determine p(7).
-493
Let s(c) = -2921*c - 8566. Give s(-3).
197
Let b(j) = -2*j**2 + 18179*j - 127171. Determine b(7).
-16
Let v(q) = 4714*q + 164990. What is v(-35)?
0
Let s(k) = -k**3 + 466*k**2 + 5250*k - 1523. Calculate s(477).
-92
Let j(l) = -l**2 + 439*l - 498. Calculate j(0).
-498
Let i(j) = 15861*j - 2141243. Determine i(135).
-8
Let j(y) = -113*y**3 - 277*y**2 - 445*y + 211. Give j(-2).
897
Let s(b) = 56909*b + 341450. What is s(-6)?
-4
Let t(d) = 315*d**3 + 2208*d**2 - 723*d - 5214. Calculate t(-7).
-6
Let j(q) = q**2 + 6863*q - 20652. Calculate j(3).
-54
Let o(s) = -27859*s - 501538. Determine o(-18).
-76
Let d(v) = 459*v - 1622. Determine d(3).
-245
Let u(v) = v**3 - 98*v**2 + 37*v - 3015. What is u(98)?
611
Let x(l) = -2*l**3 - 50*l**2 - 146*l + 126. Calculate x(-22).
434
Let a(n) = -4*n**3 + 22*n**2 + 51*n - 2087. Determine a(-7).
6
Let c(n) = -2*n**2 + 53*n - 106. What is c(23)?
55
Let j(q) = 58*q**2 + 1260*q + 8846. Determine j(-7).
2868
Let g(n) = -2*n**3 - 42*n**2 + 7121*n + 1486. Give g(-71).
-5
Let l(o) = 16*o**2 + 291618*o - 291626. Give l(1).
8
Let k(q) = -35*q**3 - 5*q**2 + 137*q - 399. Determine k(4).
-2171
Let n(k) = -862*k**3 + 17*k**2 + 23*k + 7. Determine n(-1).
863
Let k(o) = -9*o**2 + 3871*o - 27176. What is k(7)?
-520
Let n(q) = -15001*q + 122035. Calculate n(8).
2027
Let q(d) = 153*d - 11357. What is q(72)?
-341
Let g(y) = -2*y**3 + 351*y**2 - 4973*y + 2087. Give g(160).
7
Let k(o) = -101*o**3 - 1816*o**2 + 50*o + 258. Calculate k(-18).
6
Let n(g) = -4*g**3 + 948*g**2 - 3729*g + 1. Calculate n(4).
-3
Let f(a) = 372*a - 78513. Determine f(211).
-21
Let f(n) = -181*n + 23379. Calculate f(127).
392
Let y(w) = -20*w**3 + 121*w**2 - 103*w + 632. Determine y(6).
50
Let d(i) = 6*i**3 - i**2 - 154*i + 450. What is d(3)?
141
Let u(l) = -l**3 - 19*l**2 + 231*l + 3193. What is u(-23)?
-4
Let t(u) = u**3 + 106*u**2 - 453*u - 37021. Give t(-107).
1
Let k(u) = -5*u**2 - 5593*u + 237708. Calculate k(41).
-10
Let s(u) = 26*u + 2135. What is s(-130)?
-1245
Let d(w) = 3*w**2 - 115*w - 3882. Calculate d(-22).
100
Let w(f) = -707*f**2 - 62*f - 60. Give w(-1).
-705
Let v(m) = -m**2 + 63*m + 1508. Determine v(-18).
50
Let l(z) = -32*z**2 + 80*z - 340. Determine l(4).
-532
Let s(q) = -4*q**3 - 52*q**2 + 122*q + 1458. Calculate s(-14).
534
Let n(g) = 2*g**3 - 271*g**2 + 8067*g - 629. Calculate n(44).
31
Let o(x) = x**2 - 1370*x - 278990. Calculate o(-180).
10
Let p(v) = 10*v**2 - 3297*v - 20069. Determine p(-6).
73
Let h(a) = -a**2 - 267*a - 16725. What is h(-168)?
-93
Let w(v) = v**3 - 267*v**2 + 8722*v - 756. What is w(38)?
4
Let j(t) = 3*t**3 + 27*t**2 + 629*t + 36677. What is j(-23)?
-8
Let o(a) = 30765*a + 61470. Calculate o(-2).
-60
Let m(c) = 4*c**2 - 511*c + 1118. Calculate m(118).
-3484
Let s(p) = -23*p**2 - 24443*p + 48881. Give s(2).
-97
Let n(a) = 98620*a + 23471555. Determine n(-238).
-5
Let l(t) = -769*t - 21503. What is l(-28)?
29
Let c(l) = -91*l + 5663. Give c(60).
203
Let z(s) = -s**3 + 87*s**2 - 605*s - 1965. What is z(79)?
168
Let x(m) = -m**2 - 90*m - 1552. Give x(-43).
469
Let m(r) = -672719*r - 3363600. Give m(-5).
-5
Let p(k) = k**2 + 158*k - 2592. Calculate p(15).
3
Let u(k) = 4*k**2 - 146*k - 1527. Determine u(-11).
563
Let t(i) = -8*i**2 + 2697*i - 26253. Calculate t(10).
-83
Let c(h) = h**3 - 140*h**2 + 1252*h + 6204. What is c(130)?
-36
Let r(z) = -3707*z + 70484. Calculate r(19).
51
Let x(q) = -q**2 + 52*q + 25. Calculate x(-3).
-140
Let c(f) = -67857*f - 610684. Determine c(-9).
29
Let z(g) = -5*g**3 - 106*g**2 - 136*g - 304. Determine z(-20).
16
Let l(j) = 680*j - 215. Calculate l(1).
465
Let r(q) = 2*q**2 + 67125*q - 201369. Determine r(3).
24
Let z(c) = -43*c**3 - 256*c**2 + 28*c + 113. Give z(-6).
17
Let t(c) = 2*c**2 + 90015*c - 450133. What is t(5)?
-8
Let x(d) = -12353*d + 1099470. What is x(89)?
53
Let i(w) = -2*w**3 - 4015*w**2 + 1980*w - 56195. Calculate i(-2008).
29
Let g(m) = -16*m**2 + 999*m - 317. Give g(62).
117
Let h(d) = -5987*d + 1622497. Determine h(271).
20
Let l(g) = -800*g**3 - 3*g**2 - 57*g - 91. Determine l(-2).
6411
Let g(k) = -k**3 - 144*k**2 + 8694*k + 2294. Calculate g(46).
178
Let v(p) = -20*p**3 - 222*p**2 - 188*p + 328. Calculate v(-10).
8
Let p(k) = 113*k**2 - 1632*k - 947. Calculate p(15).
-2
Let i(l) = 3741*l - 18847. What is i(5)?
-142
Let m(s) = 82626*s + 330588. Determine m(-4).
84
Let j(b) = 62*